 of 67?
True
Is 17 a factor of 238?
True
Does 19 divide 1083?
True
Is 1522 a multiple of 28?
False
Does 36 divide 1853?
False
Is 747 a multiple of 8?
False
Is 4263 a multiple of 71?
False
Is 1960 a multiple of 14?
True
Is 6 a factor of 578?
False
Does 68 divide 4964?
True
Is 1336 a multiple of 46?
False
Does 14 divide 5441?
False
Is 1840 a multiple of 5?
True
Does 83 divide 18513?
False
Is 226 even?
True
Is 39060 a multiple of 20?
True
Does 6 divide 12810?
True
Is 43160 a multiple of 52?
True
Is 27 a factor of 1134?
True
Is 952 a multiple of 14?
True
Is 10 a factor of 2780?
True
Does 97 divide 1189?
False
Is 96 a multiple of 22?
False
Is 119 a factor of 35700?
True
Is 2 a factor of 6?
True
Is 3 a factor of 11217?
True
Is 45240 a multiple of 116?
True
Is 12 a factor of 40548?
True
Is 112 a factor of 22510?
False
Is 14 a factor of 66668?
True
Is 39 a factor of 1942?
False
Is 10 a factor of 9937?
False
Does 13 divide 2431?
True
Is 4 a factor of 2930?
False
Is 2 a factor of 11?
False
Does 19 divide 380?
True
Is 99 a factor of 15770?
False
Is 510 a multiple of 10?
True
Is 8 a factor of 581?
False
Does 34 divide 1972?
True
Is 17 a factor of 24353?
False
Is 750 a multiple of 47?
False
Does 10 divide 580?
True
Does 5 divide 5?
True
Does 55 divide 5445?
True
Does 6 divide 727?
False
Is 2 a factor of 14?
True
Does 10 divide 3390?
True
Is 173264 a multiple of 16?
True
Is 4939 a multiple of 10?
False
Does 29 divide 40426?
True
Is 4426 a multiple of 22?
False
Is 669 a multiple of 11?
False
Is 11 a factor of 3686?
False
Does 98 divide 9212?
True
Does 49 divide 9986?
False
Does 13 divide 1521?
True
Is 2754 a multiple of 2?
True
Is 4 a factor of 8?
True
Is 78 a factor of 7332?
True
Is 25 a factor of 7425?
True
Is 22 a factor of 924?
True
Does 103 divide 330?
False
Is 19 a factor of 6916?
True
Does 12 divide 13416?
True
Is 20740 a multiple of 231?
False
Is 65 a factor of 39465?
False
Is 761 a multiple of 6?
False
Is 10293 a multiple of 73?
True
Is 28294 a multiple of 14?
True
Does 21 divide 500?
False
Does 13 divide 1964?
False
Is 200 a multiple of 10?
True
Is 30730 a multiple of 12?
False
Is 28 a factor of 1540?
True
Is 237 a multiple of 11?
False
Is 1533 a multiple of 21?
True
Is 61 a factor of 1053?
False
Does 4 divide 996?
True
Is 4 a factor of 120?
True
Is 44 a factor of 2662?
False
Does 256 divide 144640?
True
Is 1003 a multiple of 11?
False
Does 123 divide 2879?
False
Is 108 a multiple of 12?
True
Does 6 divide 171?
False
Does 44 divide 15274?
False
Does 109 divide 103417?
False
Is 3 a factor of 3761?
False
Is 14950 a multiple of 50?
True
Is 29 a factor of 1479?
True
Is 126 a factor of 6426?
True
Is 33 a factor of 914?
False
Is 24 a factor of 292?
False
Does 40 divide 54612?
False
Is 1197 even?
False
Is 23 a factor of 5241?
False
Is 19 a factor of 1224?
False
Does 12 divide 2272?
False
Is 2517 a multiple of 12?
False
Is 1068 a multiple of 13?
False
Is 866 a multiple of 9?
False
Does 10 divide 3760?
True
Is 441 a multiple of 13?
False
Is 277 a multiple of 33?
False
Is 72 a multiple of 8?
True
Does 26 divide 505?
False
Is 8172 a multiple of 12?
True
Is 45 a factor of 22950?
True
Does 91 divide 2093?
True
Does 2 divide 176?
True
Is 7579 a multiple of 26?
False
Does 15 divide 2102?
False
Does 36 divide 1258?
False
Is 9 a factor of 464?
False
Does 37 divide 59896?
False
Does 2 divide 13133?
False
Is 39 a factor of 5850?
True
Is 7 a factor of 3879?
False
Is 29 a factor of 4872?
True
Is 22971 a multiple of 15?
False
Is 12 a factor of 523?
False
Is 27 a factor of 4995?
True
Does 5 divide 309?
False
Is 14 a factor of 731?
False
Is 456 a multiple of 12?
True
Is 2174 a multiple of 24?
False
Does 21 divide 8604?
False
Is 9 a factor of 1530?
True
Does 40 divide 1784?
False
Does 15 divide 11115?
True
Is 2028 a multiple of 78?
True
Is 18 a factor of 59832?
True
Is 11000 a multiple of 22?
True
Does 10 divide 5468?
False
Is 399 a multiple of 7?
True
Is 7900 a multiple of 77?
False
Is 11738 a multiple of 105?
False
Is 249 a multiple of 59?
False
Does 44 divide 72?
False
Is 121 a factor of 14157?
True
Is 171 a multiple of 9?
True
Is 66 a factor of 8976?
True
Does 314 divide 123283?
False
Is 2106 a multiple of 20?
False
Does 87 divide 117798?
True
Is 9030 a multiple of 301?
True
Is 785 a multiple of 13?
False
Is 13428 a multiple of 4?
True
Is 28 a factor of 5882?
False
Is 1029 a multiple of 4?
False
Does 15 divide 3641?
False
Is 4 a factor of 371?
False
Is 893 a multiple of 47?
True
Is 52 a factor of 4212?
True
Is 2611 a multiple of 11?
False
Is 1965 a multiple of 15?
True
Does 5 divide 255?
True
Does 9 divide 9?
True
Is 195 a factor of 3705?
True
Is 108 a factor of 521?
False
Does 11 divide 9999?
True
Does 104 divide 3224?
True
Is 68 a factor of 10523?
False
Does 214 divide 5350?
True
Does 4 divide 5738?
False
Is 294 a multiple of 10?
False
Is 18096 a multiple of 174?
True
Does 3 divide 4424?
False
Does 28 divide 24136?
True
Is 10360 a multiple of 37?
True
Is 17 a factor of 1666?
True
Does 2 divide 511?
False
Is 11 a factor of 3839?
True
Does 53 divide 1166?
True
Does 120 divide 4538?
False
Does 18 divide 867?
False
Does 5 divide 2593?
False
Does 13 divide 16900?
True
Is 20 a factor of 1408?
False
Does 4 divide 914?
False
Is 16 a factor of 12758?
False
Is 18838 a multiple of 146?
False
Is 73255 a multiple of 20?
False
Does 5 divide 5435?
True
Is 456 a multiple of 12?
True
Is 6827 a multiple of 18?
False
Is 12 a factor of 996?
True
Is 16 a multiple of 2?
True
Is 616 a multiple of 8?
True
Is 29 a factor of 3427?
False
Is 2128 a multiple of 7?
True
Is 11 a factor of 1168?
False
Is 1511 a multiple of 13?
False
Is 28 a factor of 1146?
False
Is 20 a factor of 113874?
False
Is 77 a factor of 4235?
True
Is 203 a factor of 50535?
False
Does 53 divide 444?
False
Is 901 a multiple of 55?
False
Is 2 a factor of 8304?
True
Does 9 divide 2787?
False
Does 66 divide 48708?
True
Is 14760 a multiple of 90?
True
Does 105 divide 1269?
False
Is 38 a factor of 1710?
True
Is 8 a factor of 4216?
True
Is 10958 a multiple of 116?
False
Is 7980 a multiple of 14?
True
Is 1537 a multiple of 53?
True
Is 76 a factor of 456?
True
Is 165 a multiple of 15?
True
Is 1806 a multiple of 14?
True
Does 233 divide 27028?
True
Is 11 a factor of 138339?
False
Is 39831 a multiple of 187?
True
Is 13 a factor of 957?
False
Is 297 a multiple of 8?
False
Is 66 a factor of 16879?
False
Is 2260 a multiple of 113?
True
Does 15 divide 870?
True
Does 145 divide 3770?
True
Is 10 a factor of 660?
True
Does 7 divide 2243?
False
Does 11 divide 346?
False
Is 2313 a multiple of 8?
False
Is 18 a factor of 14400?
True
Does 16 divide 671?
False
Is 504 a multiple of 21?
True
Does 5 divide 615?
True
Does 72 divide 37728?
True
Does 306 divide 45900?
True
Does 181 divide 11669?
False
Is 782 a multiple of 55?
False
Is 87 a factor of 38280?
True
Is 6 a factor of 3115?
False
Is 28106 a multiple of 26?
True
Does 31 divide 55?
False
Is 6935 a multiple of 95?
True
Does 147 divide 35574?
True
Is 226 a multiple of 4?
False
Is 708 a multiple of 6?
True
Is 87898 a multiple of 355?
False
Does 2 divide 16827?
False
Is 16 a factor of 12320?
True
Does 79 divide 49691?
True
Is 572 a multiple of 14?
False
Is 7 a factor of 8554?
True
Is 150 a factor of 12400?
False
Does 20 divide 1734?
False
Is 52 a factor of 699?
False
Is 119 a factor of 4165?
True
Does 4 divide 6436?
True
Does 6 divide 1574?
False
Is 48 a factor of 1488?
True
Does 20 divide 1040?
True
Is 23 a factor of 6486?
True
Is 12 a factor of 55210?
False
Does 25 divide 17657?
False
Is 2 a factor of 1504?
True
Does 87 divide 53964?
False
Is 3178 a multiple of 21?
False
Is 78 a factor of 8892?
True
Is 98 a factor of 7840?
True
Does 52 divide 2783?
False
Is 730 a multiple of 73?
True
Does 18 divide 54?
True
Is 23364 a multiple of 12?
True
Is 172 a factor of 4113?
False
Does 7 divide 6194?
False
Does 11 divide 5621?
True
Is 81 a factor of 24629?
False
Does 69 divide 889?
False
Is 480 a multiple of 8?
True
Does 34 divide 102?
True
Is 10 a factor of 310?
True
Is 33 a factor of 26697?
True
Does 39 divide 65976?
False
Is 99 a multiple of 4?
False
Does 8 divide 224?
True
Is 89 a factor of 3204?
True
Is 253 a multiple of 23?
True
Is 925 a multiple of 66?
False
Does 11 divide 88?
True
Is 51 a factor o